 l?
67
Suppose -2*j - 3*q = 1298, -2*q = -3*j - 570 - 1403. Let b = -241 - j. Calculate the highest common factor of b and 46.
46
Let c(p) = -p**3 + 12*p**2 + 13*p - 8. Let r be c(13). Let t be ((-5)/2)/(1/r). What is the highest common factor of 220 and t?
20
Let s(k) = 2*k**2 - 10*k + 3. Let v be s(4). Let z = v + 15. What is the highest common divisor of 10 and z?
10
Suppose 0 = -3*w - 5*d + 2717, -3*w - 1067 = -d - 3796. Calculate the highest common divisor of 9 and w.
9
Suppose 0 = -3*m + 15, -5*j + m - 14 = 166. Let w = j + 53. Let v = -4405 + 4495. What is the highest common factor of w and v?
18
Let k be 5/(4 - -1)*81. What is the highest common factor of k and 18?
9
Suppose 0 = -2*t - b + 299, -2*t + 4*b + 314 = 2*b. Let f be (-7)/((-700)/(-760))*(-10)/2. Calculate the greatest common divisor of f and t.
38
Let s(o) = 42*o + 1226. Let f be s(-29). What is the highest common divisor of 76 and f?
4
Suppose 0 = -2*q - 4*v + 32 - 10, 21 = q - 3*v. Calculate the greatest common factor of 255 and q.
15
Let k = -267 - -362. Calculate the highest common divisor of k and 855.
95
Let i(q) = 58*q**2 - 8*q - 30. Let y be i(-5). What is the greatest common divisor of y and 20?
20
Suppose 0 = -105*j + 94*j + 968. Suppose 4*m - 110 = -m. What is the greatest common factor of m and j?
22
Let c be (-50)/(-12) + 2/(-12). Suppose -c*i = -2 - 6. Suppose i*w - 8 = 0, -w - 9 = -3*u + 83. What is the greatest common divisor of 8 and u?
8
Let j = -93 + 100. Suppose -4*c + 865 = -k, -j*k = -3*c - 2*k + 653. Calculate the greatest common divisor of 27 and c.
27
Let f = 786 - 518. Suppose a + h - 46 = 26, -h - f = -4*a. What is the greatest common divisor of a and 17?
17
Let a = 218 - 208. What is the highest common divisor of a and 40?
10
Let c = 818 - 719. What is the greatest common divisor of 1287 and c?
99
Let q(k) = 2*k**2 + 27*k + 102. Let h be q(-4). What is the greatest common divisor of 1105 and h?
13
Let r = 324 + -168. What is the highest common factor of 52 and r?
52
Let z be (81/(-12))/(-1)*4. Suppose -9*a = -z - 108. Calculate the greatest common factor of 15 and a.
15
Suppose 35*x - 4709 + 929 = 0. Calculate the highest common factor of x and 156.
12
Let m be ((-8)/(-8))/(6/258). What is the greatest common factor of m and 473?
43
Let x be 51 + 10 - 4*(1 - 0). What is the highest common factor of x and 114?
57
Suppose i - 118 = -102. What is the highest common factor of i and 272?
16
Suppose 5*p - 24 = -2*t, 61*p - 56*p - 14 = 3*t. Calculate the highest common factor of p and 696.
4
Let c(z) = -z**3 - 11*z**2 - 11*z + 2. Let a(d) = 4*d - 10. Let q be a(0). Let s be c(q). What is the highest common factor of 24 and s?
12
Let u be 1/(5/4*(-12)/(-30)). Suppose -f - 316 = -t - u*t, 5*t = -5*f + 500. What is the greatest common divisor of t and 26?
26
Let s(r) = -12*r - 57. Let l be s(-5). What is the highest common divisor of l and 87?
3
Let j be 2/(-12) - (-118)/(-12). Let g be (125/50)/((-1)/j). What is the greatest common factor of g and 5?
5
Let u be (4/(-10))/((-71383)/(-10200) + -7). Calculate the highest common divisor of u and 112.
16
Let o be (55/(-45) + 1)/((-3)/216). Suppose -3*q + 26 = -46. What is the greatest common factor of o and q?
8
Let x = -353 - -393. What is the greatest common factor of x and 10?
10
Let a = 804 - 798. What is the highest common divisor of a and 654?
6
Suppose 0 = 6*d - 2*d - 4*v - 8, 0 = -3*d - 3*v + 12. Let m be (16/20)/(2/5). What is the highest common factor of d and m?
1
Let c be (35 + -24)*(3 - 2). What is the greatest common divisor of c and 44?
11
Suppose 2*z = 3 + 3. Suppose z*a - 468 = -4*k, -k + a + 52 + 65 = 0. What is the greatest common factor of 13 and k?
13
Suppose -2*m + 72 = -4. Suppose -d - 19 = 4*x + 43, d = -x - 17. Let f = m + x. What is the greatest common divisor of f and 92?
23
Suppose d + 3*y - 37 = -d, 0 = -d - 2*y + 19. Let i be (44/66)/(4/102). Calculate the highest common factor of d and i.
17
Let k = -996 + 997. Let h(f) = -f**3 - 4*f**2 - 4*f - 5. Let y be h(-4). What is the greatest common divisor of k and y?
1
Let r(d) = 3*d**2 - 6*d. Let v be r(-2). Suppose 7*x + 10 = v. Suppose -5*a = 3*m - 22 - 33, 90 = 5*a - 4*m. Calculate the highest common factor of a and x.
2
Let u = 202 - 338. Let x = -70 - u. Let z = -59 - -103. What is the highest common factor of z and x?
22
Let v = 11 + 11. Suppose -6 = 4*a + 5*m + 2, -4*m - 13 = a. Suppose a*w = -4 + 10. Calculate the highest common divisor of w and v.
2
Let w(x) = x**3 - 7*x**2 + 11*x - 21. Let a be w(6). What is the greatest common divisor of a and 27?
9
Let k(n) = 11 + 7*n + 7*n - 13*n. Let o be k(-15). Let j(v) = v + 6. Let x be j(o). Calculate the highest common factor of 18 and x.
2
Let m(d) = 6*d**2 + 10*d**2 - 3 + d + 3*d + 2. Let y be m(1). What is the greatest common divisor of 19 and y?
19
Let c(o) = 3*o - 14. Let b be c(14). Calculate the greatest common divisor of 112 and b.
28
Let a be 64*(-8)/((-448)/259)*2. What is the greatest common divisor of a and 16?
16
Let i be (-1 + 2)/(4/4). Suppose -2*m + 2*h = -14, 0*h + 5*h = m - 23. Suppose j = 5*a - m*j - 24, -3*a + 13 = -j. What is the highest common factor of i and a?
1
Suppose 2*u = 3*r - 42, -5*r = 3*u - 16 - 35. Let a(z) = 2 - r + 0*z - 5*z + 0*z. Let n be a(-4). Calculate the highest common divisor of 90 and n.
10
Let q = 21 - 21. Let r be 4 + q*2/4. Suppose 0 = r*l + 1 - 5. Calculate the greatest common factor of l and 8.
1
Let q(y) = 13*y + 716. Let f be q(-54). Calculate the highest common divisor of 518 and f.
14
Let u be 5/2*4 - 54/(-18). Let g be 4/(-6) + (-240)/(-9). Calculate the greatest common divisor of g and u.
13
Let y = 113 + -68. Let r = 0 - -7. Suppose -20 - r = -3*d. What is the greatest common divisor of y and d?
9
Let m be (-3 - (-32)/4)*2. Let z be 3/(2 + m)*8. Suppose -2*i - z*i + 3*c = -184, -c + 92 = 2*i. What is the greatest common factor of 115 and i?
23
Suppose 3*r - 83 = 349. Let c(j) = -25*j - 464. Let m be c(-20). What is the highest common divisor of m and r?
36
Suppose -3*j - 45 = -4*c - 8*j, c - 20 = -3*j. What is the greatest common divisor of c and 50?
5
Suppose 5*t - 412 - 588 = 0. Let d be 12/54 + (-446)/(-18). What is the highest common factor of t and d?
25
Let o = 861 + -801. Calculate the highest common factor of 555 and o.
15
Suppose 0 = -3*m + 2*j + 1356, 4*j - 58 = -2*m + 830. Calculate the highest common divisor of m and 36.
18
Let c be (-44)/(-1*6/12). What is the highest common factor of 242 and c?
22
Suppose -1298 = -15*r - 218. Calculate the highest common factor of 8 and r.
8
Suppose 5*p - 7 = 8, 5*p = -3*o + 30. Suppose o = -8*q + 21. What is the highest common factor of q and 1?
1
Let m be 3 + 18/2 + -2. Suppose 3*a - 6 + 0 = 0, -2*a - m = 2*c. Let o = c - -13. Calculate the greatest common factor of 18 and o.
6
Let s = 21 - 17. Suppose -s*i + 25 = 1. What is the highest common factor of 3 and i?
3
Let s = -59 + 62. Let v be 11 - -81 - (1 + s). What is the greatest common divisor of 8 and v?
8
Let z be 55/220 + (-439)/(-4). What is the greatest common factor of 308 and z?
22
Suppose -63*z + 8*z + 1980 = 0. What is the greatest common factor of z and 1836?
36
Suppose -30 = -g + 34. Suppose b + 30 = t, g = -t + 3*t - 4*b. Suppose 164 = 2*q + t. Calculate the greatest common divisor of 17 and q.
17
Suppose 5*d = -0*u - 5*u + 700, -5*u + d = -700. Let r be 334/17 - 18/(-51). Calculate the greatest common factor of u and r.
20
Let l(p) = -p**2 - 7*p + 8. Let a = 48 - 52. Let f be l(a). Let q(r) = -r**2 + 7*r - 2. Let y be q(5). What is the highest common factor of f and y?
4
Let j be 36/8*(-13)/(-2)*4. Calculate the greatest common divisor of 27 and j.
9
Let c = 10 + -19. Let y be (((-45)/2)/c)/(1/2). What is the highest common factor of 5 and y?
5
Suppose c - 5*i = 32, -i + 11 = 2*c - 9. Calculate the greatest common divisor of 32 and c.
4
Suppose 2143 = 18*d + 433. Calculate the highest common divisor of d and 114.
19
Let d(o) = -o**3 - o. Let w be d(-3). Let a be 6/4*w/9. Suppose a*p - 80 = -5*f, 0 = -4*p + p + f + 48. Calculate the greatest common factor of 16 and p.
16
Let n be ((-2)/6)/(21/504). Let c be n/3*(-165)/44. What is the greatest common divisor of 20 and c?
10
Let q(r) = -r**3 - 5*r**2 + 5*r + 16. L